1, 1217
What are the prime factors of 9529014?
2, 3, 11, 144379
List the prime factors of 482595.
3, 5, 32173
List the prime factors of 16475023.
17, 109, 523
What are the prime factors of 155197?
7, 22171
What are the prime factors of 5688348?
2, 3, 474029
List the prime factors of 89361.
3, 9929
List the prime factors of 26953.
26953
What are the prime factors of 6479082?
2, 3, 119983
What are the prime factors of 664439?
47, 67, 211
List the prime factors of 12235906.
2, 607, 10079
What are the prime factors of 140423?
140423
What are the prime factors of 1624841?
29, 43, 1303
List the prime factors of 586887.
3, 7, 27947
What are the prime factors of 32487?
3, 7, 13, 17
List the prime factors of 212298.
2, 3, 41, 863
List the prime factors of 387873.
3, 71, 607
List the prime factors of 29077538.
2, 7, 2076967
What are the prime factors of 30046946?
2, 73, 131, 1571
What are the prime factors of 8573?
8573
What are the prime factors of 105962?
2, 52981
What are the prime factors of 195221?
13, 15017
List the prime factors of 4875760.
2, 5, 59, 1033
List the prime factors of 3763224.
2, 3, 52267
List the prime factors of 24277252.
2, 613, 9901
List the prime factors of 75982.
2, 37991
What are the prime factors of 2293060?
2, 5, 7, 11, 1489
What are the prime factors of 869868?
2, 3, 73, 331
What are the prime factors of 177098?
2, 73, 1213
List the prime factors of 8022951.
3, 891439
List the prime factors of 14436253.
13, 37, 30013
List the prime factors of 5513761.
11, 43, 11657
What are the prime factors of 3114976?
2, 311, 313
List the prime factors of 1369442.
2, 613, 1117
List the prime factors of 19583346.
2, 3, 277, 11783
What are the prime factors of 6961811?
1579, 4409
List the prime factors of 85422.
2, 3, 23, 619
What are the prime factors of 30570?
2, 3, 5, 1019
What are the prime factors of 884756?
2, 373, 593
List the prime factors of 7193689.
193, 37273
What are the prime factors of 5795938?
2, 683, 4243
What are the prime factors of 3151884?
2, 3, 262657
List the prime factors of 292574.
2, 241, 607
What are the prime factors of 58496?
2, 457
What are the prime factors of 1730086?
2, 865043
What are the prime factors of 512889?
3, 13, 13151
What are the prime factors of 154770?
2, 3, 5, 7, 11, 67
List the prime factors of 542533.
542533
List the prime factors of 4654670.
2, 5, 191, 2437
List the prime factors of 800603.
19, 29, 1453
What are the prime factors of 5425392?
2, 3, 7, 67, 241
What are the prime factors of 2450214?
2, 3, 13, 37, 283
List the prime factors of 58518.
2, 3, 3251
List the prime factors of 3970804.
2, 992701
List the prime factors of 15016353.
3, 11, 127, 3583
What are the prime factors of 4396201?
19, 231379
List the prime factors of 297871.
7, 6079
What are the prime factors of 414350?
2, 5, 8287
What are the prime factors of 454144?
2, 887
List the prime factors of 1295215.
5, 83, 3121
List the prime factors of 7883226.
2, 3, 13, 59, 571
List the prime factors of 17803962.
2, 3, 11, 97, 103
What are the prime factors of 147519?
3, 37, 443
What are the prime factors of 1372157?
23, 59659
What are the prime factors of 2159595?
3, 5, 17, 941
What are the prime factors of 30470485?
5, 89, 68473
What are the prime factors of 513751?
7, 23, 3191
What are the prime factors of 151616?
2, 23, 103
What are the prime factors of 22849?
73, 313
What are the prime factors of 34697298?
2, 3, 53, 109111
List the prime factors of 3402705.
3, 5, 37, 6131
List the prime factors of 3638920.
2, 5, 29, 3137
List the prime factors of 178311.
3, 7, 1213
What are the prime factors of 214218?
2, 3, 3967
List the prime factors of 171036.
2, 3, 4751
What are the prime factors of 452856?
2, 3, 18869
What are the prime factors of 60363?
3, 19, 353
List the prime factors of 1902650.
2, 5, 38053
List the prime factors of 6437318.
2, 3218659
What are the prime factors of 462483?
3, 7, 2447
List the prime factors of 4570024.
2, 41, 13933
What are the prime factors of 9786130?
2, 5, 37, 26449
What are the prime factors of 45440?
2, 5, 71
What are the prime factors of 365825?
5, 14633
List the prime factors of 2629742.
2, 1314871
List the prime factors of 764551.
764551
List the prime factors of 2547956.
2, 439, 1451
List the prime factors of 630598.
2, 17, 1091
List the prime factors of 299062.
2, 149531
List the prime factors of 21536074.
2, 7, 1069, 1439
What are the prime factors of 1577078?
2, 29, 27191
What are the prime factors of 330190?
2, 5, 7, 53, 89
What are the prime factors of 89834?
2, 44917
What are the prime factors of 100278?
2, 3, 619
What are the prime factors of 409999?
409999
What are the prime factors of 13678051?
41, 149, 2239
List the prime factors of 18380319.
3, 1151, 5323
What are the prime factors of 650543?
650543
What are the prime factors of 332408?
2, 37, 1123
List the prime factors of 235363.
373, 631
What are the prime factors of 241501?
13, 1429
List the prime factors of 516155.
5, 103231
What are the prime factors of 2173515?
3, 5, 47, 3083
What are the prime factors of 5710360?
2, 5, 142759
List the prime factors of 1528656.
2, 3, 31847
List the prime factors of 141680.
2, 5, 7, 11, 23
What are the prime factors of 1403144?
2, 175393
List the prime factors of 1307304.
2, 3, 67, 271
List the prime factors of 615580.
2, 5, 7, 4397
What are the prime factors of 20522007?
3, 11, 207293
What are the prime factors of 2225776?
2, 7, 17, 167
What are the prime factors of 312121?
312121
List the prime factors of 6923.
7, 23, 43
What are the prime factors of 3235214?
2, 73, 22159
What are the prime factors of 973871?
157, 6203
List the prime factors of 503550.
2, 3, 5, 373
What are the prime factors of 3814780?
2, 5, 23, 8293
List the prime factors of 496224.
2, 3, 1723
What are the prime factors of 1206233?
7, 103, 239
What are the prime factors of 1534138?
2, 41, 53, 353
What are the prime factors of 2264304?
2, 3, 7, 23, 293
List the prime factors of 135138.
2, 3, 101, 223
List the prime factors of 2186887.
139, 15733
List the prime factors of 14060251.
113, 124427
What are the prime factors of 3314464?
2, 103577
List the prime factors of 28940468.
2, 1321, 5477
List the prime factors of 26431157.
193, 136949
What are the prime factors of 309166?
2, 11, 13, 23, 47
What are the prime factors of 494420?
2, 5, 59, 419
List the prime factors of 1333176.
2, 3, 13, 4273
List the prime factors of 2247174.
2, 3, 131, 953
List the prime factors of 523220.
2, 5, 26161
List the prime factors of 6555902.
2, 3277951
What are the prime factors of 15353970?
2, 3, 5, 577, 887
What are the prime factors of 218219?
67, 3257
List the prime factors of 1375481.
1375481
What are the prime factors of 2447946?
2, 3, 31, 41, 107
What are the prime factors of 440708?
2, 17, 6481
What are the prime factors of 16304?
2, 1019
What are the prime factors of 177871?
17, 10463
What are the prime factors of 581929?
179, 3251
List the prime factors of 1379421.
3, 153269
What are the prime factors of 192202?
2, 17, 5653
What are the prime factors of 2180?
2, 5, 109
What are the prime factors of 21960627?
3, 13, 29, 19417
List the prime factors of 3792752.
2, 101, 2347
List the prime factors of 9387686.
2, 7, 11, 47, 1297
What are the prime factors of 215341?
7, 30763
List the prime factors of 2189.
11, 199
List the prime factors of 18861701.
499, 37799
What are the prime factors of 19845202?
2, 13, 181, 4217
What are the prime factors of 22995221?
307, 74903
What are the prime factors of 334103?
7, 11, 4339
List the prime factors of 3546083.
421, 8423
List the prime factors of 22778859.
3, 71, 229, 467
What are the prime factors of 1091390?
2, 5, 109139
What are the prime factors of 1261337?
7, 11, 16381
What are the prime factors of 40685?
5, 79, 103
List the prime factors of 4412750.
2, 5, 19, 929
What are the prime factors of 1693323?
3, 188147
What are the prime factors of 29683?
29683
List the prime factors of 3037854.
2, 3, 41, 53, 233
List the prime factors of 393925.
5, 7, 2251
What are the prime factors of 642547?
642547
List the prime factors of 20814023.
20814023
List the prime factors of 519611.
519611
List the prime factors of 218159.
269, 811
List the prime factors of 678746.
2, 339373
List the prime factors of 436424.